= 7*o - 11*o + 867. What is the highest common divisor of b and o?
27
Let q be (-2)/(-7) + (-26)/(-7). Let m be q*-1*34/(-4). Suppose m = 5*u - 6. What is the highest common factor of u and 2?
2
Suppose -3*i = 3*o - 39, 2*i - 37 = -3*o - 0*i. Calculate the highest common factor of o and 77.
11
Suppose -424 = -3*q + 4*t, 0*q + 574 = 4*q - t. What is the greatest common divisor of q and 18?
18
Suppose l = -3*m - 0*m + 16, 0 = 5*m - 2*l - 12. Suppose m*z - 660 = -0*z. Suppose -2*h = -27 - 3. What is the greatest common divisor of z and h?
15
Suppose -2*m - 3 = -5. Calculate the highest common divisor of m and 4.
1
Suppose 0 = -3*h + 5 + 1. Suppose -24 = -h*l - l. Let d be (960/9)/(-8)*48/(-10). What is the greatest common factor of d and l?
8
Let k be -4 - (0 + -2 - 222). What is the highest common factor of k and 22?
22
Let r(v) = 4*v - 25. Let m be r(12). What is the greatest common divisor of m and 207?
23
Suppose 0*l + 4*l = 12. Suppose -l*z + 14 = -g + 6, 2*g = -5*z + 28. Suppose -z*d + 289 = -71. What is the greatest common factor of 10 and d?
10
Let r be (-2)/(-1) - 1 - (-154)/7. Calculate the greatest common divisor of 115 and r.
23
Suppose -4*m - 40 = -4*q, 5*m + 9 = 2*m. Suppose 4*y - 5 = q. Suppose -h + 0*x = 2*x - 15, -y*h + 9 = -3*x. What is the greatest common divisor of 21 and h?
7
Let h be (-43)/(-5) - (-4)/10. Let w = -2 + 5. What is the greatest common factor of w and h?
3
Suppose 0 = -3*z + 5235 - 1893. Let p be z/14 - 12/(-28). Calculate the highest common divisor of p and 32.
16
Let i be 25*2 + (-6 - -38)/8. What is the highest common divisor of i and 27?
27
Suppose l + 4*l - 40 = 0. Suppose 2*c - a - 642 = -0*c, 3*c + 4*a - 952 = 0. Suppose -4*v + 32 + c = 0. Calculate the highest common divisor of l and v.
8
Let m = -7 - -8. Let x = m + 10. Let i = 102 + -58. Calculate the greatest common factor of x and i.
11
Let n(a) = 2*a**3 - a**2 - a - 3. Let g be n(5). Calculate the greatest common divisor of 31 and g.
31
Suppose -19 = 2*n - 31. What is the greatest common factor of n and 42?
6
Suppose 2*y = 6 + 16. Let i = 44 - 18. Let u = 81 - i. What is the highest common factor of y and u?
11
Let v(f) = -f + 8. Let w be ((-1)/(-3))/((-2)/(-36)). Let q be v(w). Calculate the greatest common factor of 18 and q.
2
Let r = -15 - -1. Let b be 2 - 7/(r/(-60)). Let t be (-8)/b - (-194)/7. What is the highest common divisor of 14 and t?
14
Let y = 11 + -8. Suppose -16*p + 13*p + 18 = 0. What is the highest common factor of p and y?
3
Let n(t) = 4*t**2 - 9. Let g be n(-6). What is the greatest common divisor of 15 and g?
15
Let o(w) = 2*w**2 + 4*w + 2. Let x be o(-2). Let n = 2 + x. Suppose n*f + 0*f - 32 = 0. What is the highest common divisor of f and 72?
8
Let t be ((-14)/4)/((-4)/8). What is the greatest common factor of 35 and t?
7
Suppose 62 = 3*v + 2*z, -1 + 10 = v + 3*z. Let u(m) = m**3 + 7*m**2 - 2*m. Let n be u(-5). Calculate the greatest common factor of n and v.
12
Let a be 0*(0 + 1/1). Suppose -21 = -5*d + 2*b, a*b - 2*b = 3*d - 19. What is the highest common divisor of 40 and d?
5
Let t(d) = -d**2 + d + 6. Let x be t(0). Calculate the highest common divisor of x and 6.
6
Let p(c) = c**2 - 5*c - 74. Let d be p(-10). Calculate the highest common factor of 190 and d.
38
Let r(z) = -z**2 - 10*z + 12. Let w be r(-8). What is the greatest common divisor of 21 and w?
7
Suppose -u - 4 + 6 = 0. What is the greatest common factor of 5 and u?
1
Suppose 0*n = 4*n. Suppose 3*i + i = n. Suppose i = x - 0 + 2, 2*k - 32 = 3*x. What is the greatest common factor of 26 and k?
13
Let d be (-33)/(-4)*8/3. Calculate the greatest common divisor of d and 2.
2
Suppose 0*k + 36 = 3*k. What is the greatest common divisor of 132 and k?
12
Let h(i) = 2*i**2 - 2*i + 1. Let y be h(2). Let b(s) = 2*s + 5. Let p be b(y). Let f = 128 - 83. Calculate the greatest common factor of f and p.
15
Suppose -5*s - 36 = -3*i - i, -2*i - 4*s = -18. What is the greatest common factor of i and 99?
9
Let w be (2 - 4)*2/(-4). Let s be (-74)/(1 + -3) + -1. Let b be (-3)/6*s/(-2). Calculate the greatest common divisor of w and b.
1
Let h(q) = 2*q**3 + 6*q**2 + q + 10. Let z be h(-3). What is the highest common divisor of 2 and z?
1
Let f = 268 + -136. Calculate the greatest common divisor of f and 12.
12
Let y(z) = -31*z. Let c be y(-1). Suppose -4*m + 113 = -c. Let v be ((-54)/5)/((-1)/5). What is the highest common factor of v and m?
18
Let o be (3/6)/((-1)/(-6)). Suppose 4*w = o*w + 446. Suppose 0 = -4*f + 86 + w. What is the highest common factor of f and 19?
19
Let p(h) = 11*h - 8. Let a be p(4). Calculate the greatest common divisor of a and 4.
4
Suppose -3*y + 68 = 4*f + 11, 2*y = -3*f + 43. Let q be (6 - 1)*(-2)/(-2). Suppose 0 = -q*z + z + 12. What is the highest common factor of z and f?
3
Suppose 0 = 7*y - 3*y - 28. What is the greatest common divisor of y and 77?
7
Suppose -q = 5*x + 2*q - 618, 2*x - 3*q - 264 = 0. Calculate the greatest common divisor of x and 18.
18
Let l be 2*(5 + 6/(-2)). Suppose 2*v + l*t = 19 + 1, 5*v - t = 28. Calculate the greatest common factor of 54 and v.
6
Suppose h = 3*v + 1, -4*h + 40 = -v - 2*v. Calculate the highest common factor of 143 and h.
13
Let f = 6 + -9. Let x(c) = c - 9. Let z be x(7). Let d = z - f. Calculate the greatest common factor of d and 5.
1
Let m(s) = 16*s - 93. Let f be m(7). Calculate the greatest common factor of 19 and f.
19
Let s = -113 + 114. Suppose -2*z + 0*z = -14. What is the greatest common divisor of s and z?
1
Let q(d) = 27*d - 18. Let w be q(6). What is the highest common factor of 16 and w?
16
Suppose -m + 112 = -5. What is the highest common divisor of 13 and m?
13
Let u be (1 - 1)/(2*-1). Suppose -f + 128 - 11 = u. Suppose 0 = 3*i - 4*i + 13. What is the greatest common factor of i and f?
13
Let n be -2 + ((-72)/10)/(1/(-5)). What is the greatest common divisor of 17 and n?
17
Let h = -6 + 10. Suppose -h*o + 15 = 3. Calculate the highest common factor of 12 and o.
3
Let o = 144 + -80. What is the greatest common divisor of o and 8?
8
Let c = 2 + 0. Suppose f = -3 + c. Let s be (f + -49)*(-1)/2. What is the greatest common factor of s and 5?
5
Suppose 7*x + 50 = 2*x. Let n be (198/x)/((-12)/40). What is the greatest common factor of 6 and n?
6
Let b(k) = 4*k - 23. Suppose 5*m + 2 = 57. Let t be b(m). What is the highest common factor of 7 and t?
7
Suppose 2*i - 6*i + 12 = 5*y, -4*y = 5*i - 6. Let b be i/5 - (-128)/20. What is the highest common factor of 66 and b?
6
Let r be 2 + 2 + 2 + -6. Suppose -m - 2*m = 5*j - 39, -j - 4*m + 18 = r. Calculate the highest common factor of 3 and j.
3
Suppose -2*l - 3*b + 50 = 0, 4*l - 94 - 6 = 3*b. Suppose -l = 2*m - 79. Calculate the greatest common divisor of m and 135.
27
Let s = 154 - 106. Calculate the greatest common divisor of s and 48.
48
Let j(y) = -5*y - 3. Let t be j(-3). Let h = -3 + 13. Suppose 2 = 2*a - h. What is the highest common factor of a and t?
6
Suppose 49 + 83 = 2*x. Suppose 4 - 10 = -i. Calculate the greatest common factor of i and x.
6
Let o be (-9)/(27/8)*-120. Calculate the highest common divisor of 40 and o.
40
Suppose -3*y - 2*t + 3*t + 37 = 0, y - 3*t = -1. Suppose c - 25 = -4. Calculate the highest common divisor of c and y.
7
Suppose 15*o - 149 = 106. What is the greatest common divisor of 187 and o?
17
Let x be (-4)/14 - (-80)/35. Let z(y) = -y**3 - 8*y**2 - 15*y - 8. Let w be z(-6). What is the highest common factor of x and w?
2
Let a be 5/(-15) - (-38)/(-3). Let q = 17 + a. Suppose -4*i = -4*t + 124, -4*i + 44 = -t + 3*t. Calculate the highest common factor of t and q.
4
Suppose -5*y + 31 + 59 = 0. Calculate the highest common divisor of y and 9.
9
Let x be 246 + -1*(3 - 0). Calculate the highest common divisor of x and 27.
27
Let x = 14 + -9. Let k(a) = -13*a - 4. Let n be k(-3). What is the greatest common factor of x and n?
5
Suppose -4 = 3*v - 4*v. Suppose 3*s - 5*b + 4*b - 6 = 0, 4*s - b = 8. What is the greatest common factor of v and s?
2
Let v(y) = 38*y**3. Let r be v(1). Suppose 4*s + 2*b = 84, 0 = 3*s + s + 5*b - 96. What is the greatest common factor of r and s?
19
Let u be (-33)/(-9) - 1/(-3). Let v = u + -4. Suppose 5*g + v*g = 50. What is the highest common divisor of 30 and g?
10
Let g be (1/((-1)/6))/(-2